{"id":1628,"date":"2012-02-20T16:22:28","date_gmt":"2012-02-20T14:22:28","guid":{"rendered":"http:\/\/pergamena.hr\/?page_id=1628"},"modified":"2026-02-09T13:19:18","modified_gmt":"2026-02-09T12:19:18","slug":"novosti-i-najave","status":"publish","type":"page","link":"https:\/\/pergamena.hr\/?page_id=1628","title":{"rendered":"NOVOSTI I NAJAVE"},"content":{"rendered":"<div style=\"float:right;padding: 0 0 10px 10px\" class=\"interactive_right\"><div class='button_holder_right'><iframe src=\"http:\/\/www.facebook.com\/plugins\/like.php?href=https%3A%2F%2Fpergamena.hr%2F%3Fpage_id%3D1628&amp;layout=standard&amp;show_faces=false&amp;width=75&amp;action=recommend&amp;font=arial&amp;colorscheme=dark&amp;height=31\" scrolling=\"no\" frameborder=\"0\" style=\"border:none; overflow:hidden; width:75px; height:31px;\" allowTransparency=\"true\"><\/iframe><\/div><\/div><blockquote>\n<p style=\"text-align: justify;\"><a href=\"http:\/\/pergamena.hr\/?page_id=1628\"><img decoding=\"async\" loading=\"lazy\" class=\"alignleft size-full wp-image-2053\" src=\"http:\/\/pergamena.hr\/proba\/wp-content\/uploads\/2013\/02\/Ornament-novosti.jpg\" alt=\"Ornament-novosti\" width=\"468\" height=\"60\" srcset=\"https:\/\/pergamena.hr\/proba\/wp-content\/uploads\/2013\/02\/Ornament-novosti.jpg 468w, https:\/\/pergamena.hr\/proba\/wp-content\/uploads\/2013\/02\/Ornament-novosti-300x38.jpg 300w\" sizes=\"(max-width: 468px) 100vw, 468px\" \/><\/a><\/p>\n<\/blockquote>\n<h3 style=\"text-align: center;\" data-start=\"197\" data-end=\"219\">Rasprodana izdanja &#8211; OBAVIJEST<\/h3>\n<p data-start=\"221\" data-end=\"400\">Zahvaljujemo na\u0161im cijenjenim \u010ditateljima na iskazanom povjerenju i iznimno velikom interesu za na\u0161a izdanja. Va\u0161a podr\u0161ka i interes najve\u0107e su nam priznanje i sna\u017ean poticaj za daljnji rad.<\/p>\n<p data-start=\"221\" data-end=\"400\">\n<p data-start=\"402\" data-end=\"470\">S ponosom isti\u010demo da su sljede\u0107i naslovi trenuta\u010dno <strong data-start=\"455\" data-end=\"469\">rasprodani <\/strong>:<\/p>\n<ul>\n<li data-start=\"472\" data-end=\"499\">Miro Ka\u010di\u0107: JEZIKOSLOVNA PROMI\u0160LJANJA<\/li>\n<li data-start=\"472\" data-end=\"499\">Martin Jak\u0161i\u0107: DIVANIMO PO SLAVONSKI<\/li>\n<li data-start=\"472\" data-end=\"499\">Grupa autora: HRVATSKI JEZI\u010cNI SAVJETNIK<\/li>\n<li data-start=\"472\" data-end=\"499\">Grupa autora: HRVATSKO OSNOVNO \u0160KOLSTVO<\/li>\n<\/ul>\n<ul>\n<li data-start=\"472\" data-end=\"499\">J.D. Bauby: SKAFANDER I LEPTIR<\/li>\n<li data-start=\"472\" data-end=\"499\">Lidija Gajski: LIJEKOVI ILI PRI\u010cA O OBMANI<\/li>\n<\/ul>\n<ul>\n<li data-start=\"472\" data-end=\"499\">Grupa autora: BLEIBURG: uzroci i posljedice<\/li>\n<\/ul>\n<p data-start=\"472\" data-end=\"499\">\n<p data-start=\"501\" data-end=\"733\">U slu\u010daju da se odre\u0111eni primjerci vrate iz prodajne mre\u017ee na\u0161ih partnera i distributera, ili ako do\u0111e do odluke o ponovnom izdanju nekog od navedenih naslova u dogovoru s autorima, o tome \u0107emo vas pravodobno obavijestiti putem na\u0161e internetske stranice.<\/p>\n<p data-start=\"735\" data-end=\"822\">Jo\u0161 jednom, <strong data-start=\"747\" data-end=\"789\">iskrena hvala na povjerenju i interesu<\/strong> koje nam kontinuirano ukazujete.<\/p>\n<div class='shareinpost'><ul class=\"socialwrap row\"><li class=\"iconOnly share\">Preporu\u010di putem :<\/li><li class=\"iconOnly\"><a  rel='nofollow'  target='_blank'  title='Preporu\u010di knjigu : NOVOSTI I NAJAVE na Facebooku'  href='http:\/\/www.facebook.com\/sharer.php?u=https%3A%2F%2Fpergamena.hr%2F%3Fpage_id%3D1628&amp;t=NOVOSTI+I+NAJAVE'  ><img  src='http:\/\/pergamena.hr\/proba\/wp-content\/plugins\/share-and-follow\/images\/blank.gif'  height='16' width='16'  class='image-16' alt='facebook'  style='background: transparent url(http:\/\/pergamena.hr\/proba\/wp-content\/plugins\/share-and-follow\/default\/16\/sprite-feb-16.png) no-repeat;padding:0;margin:0;height:16px;width:16px;background-position:-204px 0px'   \/> <span class=\"head\">Preporu\u010di knjigu<\/span><\/a><\/li><li class=\"iconOnly\"><a  rel='nofollow'  target='_blank'  title='Dijeli : NOVOSTI I NAJAVE na google plus'  href='https:\/\/plusone.google.com\/_\/+1\/confirm?hl=en&amp;url=https%3A%2F%2Fpergamena.hr%2F%3Fpage_id%3D1628&amp;title=NOVOSTI+I+NAJAVE'  ><img  src='http:\/\/pergamena.hr\/proba\/wp-content\/plugins\/share-and-follow\/images\/blank.gif'  height='16' width='16'  class='image-16' alt='gplus'  style='background: transparent url(http:\/\/pergamena.hr\/proba\/wp-content\/plugins\/share-and-follow\/default\/16\/sprite-feb-16.png) no-repeat;padding:0;margin:0;height:16px;width:16px;background-position:-425px 0px'   \/> <span class=\"head\">Dijeli na google plus<\/span><\/a><\/li><li class=\"iconOnly\"><a  rel='nofollow'  target='_blank'  title='Dijeli : NOVOSTI I NAJAVE na Linkedinu'  href='http:\/\/www.linkedin.com\/shareArticle?mini=true&amp;url=https%3A%2F%2Fpergamena.hr%2F%3Fpage_id%3D1628&amp;title=NOVOSTI+I+NAJAVE&amp;summary=%0A%0A%0ARasprodana+izdanja+-+OBAVIJEST%0AZahvaljujemo+na%C5%A1im+cijenjenim+%C4%8Ditateljima+na+iskazanom+povjerenju+i+iznimno+velikom+interesu+za+na%C5%A1a+izdanja.+Va%C5%A1a+podr%C5%A1ka+i+interes+najve%C4%87e+su+nam+priznanje+i+sna%C5%BEan+poticaj+za+daljnji+rad.%0A%0AS+ponosom+isti%C4%8Demo+da+su+sljede%C4%87i+naslovi+trenuta%C4%8Dno+rasprodani+%3A%0A%0A%0A+%09Miro+Ka%C4%8Di%C4%87%3A+'  ><img  src='http:\/\/pergamena.hr\/proba\/wp-content\/plugins\/share-and-follow\/images\/blank.gif'  height='16' width='16'  class='image-16' alt='linkedin'  style='background: transparent url(http:\/\/pergamena.hr\/proba\/wp-content\/plugins\/share-and-follow\/default\/16\/sprite-feb-16.png) no-repeat;padding:0;margin:0;height:16px;width:16px;background-position:-578px 0px'   \/> <span class=\"head\">Dijelite putem linkedina<\/span><\/a><\/li><li class=\"iconOnly\"><a  rel='nofollow'  target='_blank'  title='Tweetaj o ovoj knjizi : NOVOSTI I NAJAVE na Twitteru'  href=\"http:\/\/twitter.com\/share?url=https%3A%2F%2Fpergamena.hr%2F%3Fpage_id%3D1628&amp;text=NOVOSTI+I+NAJAVE+-+\"  ><img  src='http:\/\/pergamena.hr\/proba\/wp-content\/plugins\/share-and-follow\/images\/blank.gif'  height='16' width='16'  class='image-16' alt='twitter'  style='background: transparent url(http:\/\/pergamena.hr\/proba\/wp-content\/plugins\/share-and-follow\/default\/16\/sprite-feb-16.png) no-repeat;padding:0;margin:0;height:16px;width:16px;background-position:-1105px 0px'   \/> <span class=\"head\">Tweetajte o ovoj knjizi<\/span><\/a><\/li><li class=\"iconOnly\"><a  rel='nofollow'  target='_self'  title='Ispi\u0161i stranicu : NOVOSTI I NAJAVE za kasnije \u010ditanje'  href='javascript:window.print();'  ><img  src='http:\/\/pergamena.hr\/proba\/wp-content\/plugins\/share-and-follow\/images\/blank.gif'  height='16' width='16'  class='image-16' alt='print'  style='background: transparent url(http:\/\/pergamena.hr\/proba\/wp-content\/plugins\/share-and-follow\/default\/16\/sprite-feb-16.png) no-repeat;padding:0;margin:0;height:16px;width:16px;background-position:-884px 0px'   \/> <span class=\"head\">Ispi\u0161ite stranicu<\/span><\/a><\/li><li class=\"iconOnly\"><a rel=\"_self\" href=\"mailto:?subject=pergamena.hr%20\u2502%20Izdava\u010dka%20ku\u0107a%20iz%20Zagreba%20:%20NOVOSTI%20I%20NAJAVE&amp;body=\u0160aljem%20Vam%20poveznicu%20preko%20internet%20stranice%20pergamena.hr%20na%20knjigu%20:%20%20%20https:\/\/pergamena.hr\/?page_id=1628\" title=\"Preporu\u010di knjigu prijateljima : NOVOSTI I NAJAVE e-mailom\"><img src=\"http:\/\/pergamena.hr\/proba\/wp-content\/plugins\/share-and-follow\/images\/blank.gif\" height=\"16\"  width=\"16\" style=\"background: transparent url(http:\/\/pergamena.hr\/proba\/wp-content\/plugins\/share-and-follow\/default\/16\/sprite-feb-16.png) no-repeat;padding:0;margin:0;height:16px;width:16px;background-position:-187px 0px\" class=\"image-16\"  alt=\"email\" \/> <span class=\"head\">Preporu\u010dite knjigu prijateljima<\/span><\/a><\/li><\/ul><div class=\"clean\"><\/div> <\/div>","protected":false},"excerpt":{"rendered":"<p>Rasprodana izdanja &#8211; OBAVIJEST Zahvaljujemo na\u0161im cijenjenim \u010ditateljima na iskazanom povjerenju i iznimno velikom interesu za na\u0161a izdanja. Va\u0161a podr\u0161ka i interes najve\u0107e su nam priznanje i sna\u017ean poticaj za [&hellip;]<\/p>\n","protected":false},"author":1,"featured_media":2053,"parent":0,"menu_order":0,"comment_status":"closed","ping_status":"open","template":"template-archives.php","meta":[],"_links":{"self":[{"href":"https:\/\/pergamena.hr\/index.php?rest_route=\/wp\/v2\/pages\/1628"}],"collection":[{"href":"https:\/\/pergamena.hr\/index.php?rest_route=\/wp\/v2\/pages"}],"about":[{"href":"https:\/\/pergamena.hr\/index.php?rest_route=\/wp\/v2\/types\/page"}],"author":[{"embeddable":true,"href":"https:\/\/pergamena.hr\/index.php?rest_route=\/wp\/v2\/users\/1"}],"replies":[{"embeddable":true,"href":"https:\/\/pergamena.hr\/index.php?rest_route=%2Fwp%2Fv2%2Fcomments&post=1628"}],"version-history":[{"count":50,"href":"https:\/\/pergamena.hr\/index.php?rest_route=\/wp\/v2\/pages\/1628\/revisions"}],"predecessor-version":[{"id":2962,"href":"https:\/\/pergamena.hr\/index.php?rest_route=\/wp\/v2\/pages\/1628\/revisions\/2962"}],"wp:featuredmedia":[{"embeddable":true,"href":"https:\/\/pergamena.hr\/index.php?rest_route=\/wp\/v2\/media\/2053"}],"wp:attachment":[{"href":"https:\/\/pergamena.hr\/index.php?rest_route=%2Fwp%2Fv2%2Fmedia&parent=1628"}],"curies":[{"name":"wp","href":"https:\/\/api.w.org\/{rel}","templated":true}]}}